 = 4*d. Let n = -29 + d. Suppose -n = -5*t + 10. What is the units digit of t?
5
Let a = -66 + 192. What is the tens digit of a?
2
Suppose 3 = 2*d - 9. What is the units digit of d?
6
Let k(s) = s**2 - 9*s - 8. Let m(f) = -6*f - 2. Let d = 3 + -5. Let g be m(d). What is the units digit of k(g)?
2
Suppose -k = -s - 38, -k + 5*s + 34 = -12. Suppose -r + u + 5 = -k, 4*r + u = 169. Suppose -c = -5*i + r, 2*i + 0*c = c + 15. What is the units digit of i?
9
Suppose -v + 109 = o, 0 = -5*o + 5*v - 58 + 623. What is the units digit of o?
1
Let c(i) = 4*i. Let n be c(-9). What is the units digit of n/(-8)*(-66)/(-9)?
3
Suppose -5*k = n - 158, 0 = 4*n + 4*k - 367 - 345. What is the hundreds digit of n?
1
Let v = 63 + 169. What is the tens digit of v?
3
Suppose k - 9 = -3*k + 3*h, 0 = k + 2*h + 6. Suppose -5*w + k = -5. What is the units digit of w?
1
Let t(s) = 2*s - 5. Let m be t(7). What is the units digit of (2/(-6))/((-1)/m)?
3
Let w be 5/(40/6)*4. Suppose w*l = 25 + 17. What is the units digit of l?
4
Suppose 3*q - 56 = -2*f, 5*q + 0*q - 3*f = 68. What is the tens digit of q?
1
Let y = -32 + 50. Suppose -5*j = 5*z - 20, 4*j = 3*z - 5*z + y. Suppose 0 = 3*n - 16 - j. What is the units digit of n?
7
Let t = -58 + 178. What is the hundreds digit of t?
1
Suppose -2*k = -4*d - 16, -2*d - 33 = 3*d + 4*k. Let j(s) = s**3 + 4*s**2 - s + 3. Let n be j(-4). Let o = n - d. What is the units digit of o?
2
Let r = 11 - -83. What is the units digit of r?
4
Let g = 4 - 1. Suppose -5 = o, 49 + 49 = g*h - 4*o. What is the units digit of h?
6
Suppose f + 164 = -3*f. Let z be 1/((-3)/(2 + f)). Suppose -i = 4*a + z, 9 = 3*i + a - 7. What is the units digit of i?
7
Let t(f) = -2*f + 8. Let r be t(7). Let j = r - -7. What is the units digit of j?
1
Let t = 93 + -17. What is the units digit of t?
6
Suppose 132 = 6*m - 2*m. What is the units digit of m?
3
What is the tens digit of 0 + 13*(-3)/(-3)?
1
Let i(r) be the second derivative of r**7/2520 + r**6/360 - r**4/12 - r. Let k(y) be the third derivative of i(y). What is the units digit of k(-3)?
3
Suppose j + 2*j = 6. Suppose -j*z = z - 39. What is the units digit of z?
3
Suppose 1 = 2*d - 3. What is the units digit of d?
2
Let n = -3 + 6. Suppose 51 = n*i + 4*v - 20, -5*i - 4*v + 121 = 0. What is the tens digit of i?
2
What is the tens digit of (6/(-5))/((-40)/10900)?
2
Let r(g) = g**2 - 12*g + 12. Let q be r(10). Let a(x) = -3*x - 3. What is the units digit of a(q)?
1
Let y(b) = -b + 2. What is the units digit of y(-3)?
5
Suppose -2*r - 75 = -7*r - 5*u, -19 = -r - 2*u. Suppose 0 = 2*a + 3*s - s - 22, a - r = s. What is the units digit of a?
1
Let n be 0 - 6/(-1*2). Suppose 0*x = x - 4. Suppose x = n*y + 1. What is the units digit of y?
1
Let h(i) = i**3 - 7*i**2 + 6*i - 1. Let q be h(4). Let b = -8 - q. What is the units digit of b?
7
Let p(n) = n + 7. Let s be p(-5). Let v = 16 - s. What is the tens digit of v?
1
Let g(p) = p**2 - 1. Let m be g(-2). Suppose m*q - 117 + 0 = 0. What is the units digit of q?
9
Let j(o) = -3 + 2*o + 2 - 3 + 2*o**2 + 0*o. Let u(n) = 1. Let l(p) = j(p) + 3*u(p). What is the tens digit of l(-3)?
1
Suppose -2 = -2*g + 78. What is the tens digit of g?
4
Let p(n) = 2*n**3 - 4. What is the tens digit of p(3)?
5
Let k = -148 - -174. What is the tens digit of k?
2
Let q(h) = 2*h**2 - 2*h + 13. What is the units digit of q(-4)?
3
What is the units digit of (-2)/(-3)*1221/11?
4
Let u = -4 + 3. Let z be 70/(-25) + (-2)/10. Let r = u - z. What is the units digit of r?
2
Let y = 5 - -41. What is the units digit of y?
6
What is the units digit of 4/(40/55)*30?
5
Suppose -3*l + b + 14 = 0, 0 = -2*l + b + b + 16. Suppose 8*i = l*i + 30. What is the units digit of i?
6
What is the units digit of (8/(-3))/(2/(-6))?
8
Let v = 28 - 18. What is the tens digit of v?
1
Let j = -114 + 195. What is the units digit of j?
1
Let a(q) = 2*q - 7. Suppose -x + 11 = -0*x. What is the tens digit of a(x)?
1
Suppose 3*u - 273 - 9 = -3*r, -4*r + 4*u = -376. What is the units digit of r?
4
Suppose 0 = 4*g + 199 - 15. Let x = -23 - g. Suppose -x = -4*s + 9. What is the units digit of s?
8
Let z(p) = -9*p - 16. Let i be z(-8). Let k = 87 - i. What is the units digit of k?
1
Suppose 9*i = 2*i + 658. What is the tens digit of i?
9
What is the units digit of ((-4)/2)/(6/(-144))?
8
What is the units digit of 1*(-42)/2*(27 + -34)?
7
Let u(c) = -c**3 + 9*c**2 - 2*c + 2. What is the tens digit of u(7)?
8
Let c = 1 + 2. What is the units digit of c?
3
What is the units digit of 114/4 + (-3)/6?
8
Let f(x) = -x**3 + 28*x**2 + 26*x**2 + 8*x - 6 - 49*x**2. What is the units digit of f(5)?
4
Suppose j - 42 = -5*m, 0 = -5*m + j + j + 51. Suppose 5*t = d + m, -4*d + 6*t - 3*t = -32. What is the tens digit of d?
1
Let p(z) = -z**3 - 2*z - 1. Let y be p(-1). Suppose -y*h + 5 = -7*h. Let j(d) = -5*d - 1. What is the units digit of j(h)?
4
Let x = 3 - -2. Suppose -x*d + 29 - 9 = 0. Suppose 5*i - i - 46 = -2*g, -2*i + d*g = -28. What is the tens digit of i?
1
Let g(t) = -2 + 3 + 2*t + 0*t. Let y be g(1). Suppose -5*o + y*o + d + 3 = 0, 3 = d. What is the units digit of o?
3
Suppose 4*v - 316 = 324. What is the units digit of v?
0
Suppose 0 = 5*b - 68 - 157. What is the tens digit of b?
4
Let n(i) be the third derivative of 5*i**4/12 - i**3/6 + 31*i**2. Let u be (-4)/6 - 5/(-3). What is the units digit of n(u)?
9
Suppose -3*r = 2*s - 379, -5*s + 2*r + r + 895 = 0. What is the hundreds digit of s?
1
Let y = -190 - -298. What is the hundreds digit of y?
1
Let y be (-2 - -24)/(4/2). Let j = 18 - y. What is the units digit of j?
7
Let n be 18/3 + (0 - 1). Suppose 0 = n*w + 1 - 6. Suppose 3*o - 2 = w. What is the units digit of o?
1
Let j(y) be the first derivative of y**3/3 - y + 2. What is the units digit of j(3)?
8
Let m(i) = i + 6. Let v be m(-3). Suppose -5*x = -0*x - w - 130, -78 = -v*x + 3*w. Suppose x = 4*a + 2. What is the units digit of a?
6
Let v = -7 + 10. Suppose -5*z = 10, -4*r + v*z + 26 = r. What is the units digit of r?
4
Let k(u) = 5*u**3 + 2*u**2 - u - 2. Let v(m) = -m**2 + 1. Let h(q) = -k(q) - 2*v(q). Let r be h(-1). Suppose p - r = -3*p. What is the units digit of p?
1
Let j(k) = -k**3 + 6*k**2 + 1. Let h be j(6). Suppose 2*d - h = d. What is the units digit of d?
1
What is the units digit of (0 - (-4)/(-5))/((-4)/460)?
2
Let f be (1 + 0)*0/(-2). Let z = f - -1. Suppose -16 = -5*o - z. What is the units digit of o?
3
Let b = 128 - 230. What is the units digit of b/(-14) - (-4)/(-14)?
7
Let s(t) = t**3 + 6*t**2 + 5*t + 1. Let w be s(-6). Let y = -15 - w. What is the tens digit of y?
1
Suppose 3*r - 3 = 6. Suppose 6*b - 3*b - 2 = -s, r*s + 14 = b. Suppose -b*a - u + 4*u = 1, 0 = -u + 3. What is the units digit of a?
4
Let t(g) = g**3 + 16*g**2 + 31*g - 10. What is the tens digit of t(-13)?
9
Let y be -3 + 2 - (-3)/1. Let s be (-448)/(-44) + y/(-11). Suppose -35 = -3*z + s. What is the tens digit of z?
1
Let g = 11 - -9. Let c be (-228)/(-8)*g/6. Suppose -c + 15 = -4*o. What is the units digit of o?
0
Let h = -8 - -15. Let a(r) = r**3 - 8*r**2 + 10*r - 10. Let t be a(h). Suppose 7 + t = 3*q. What is the units digit of q?
6
Suppose 2*q - 15 = -3*q. Suppose -i + 3*v = 7, 2*i - v - 1 = -0. Let w = q - i. What is the units digit of w?
1
Suppose 2*y = -2*y - 8. Let p = y - -11. What is the units digit of p?
9
Suppose -47 = -v - y, -4 - 2 = -2*y. What is the tens digit of v?
4
Let r(j) = -j**2 + 12*j + 3. Let p be r(12). Suppose 0*y + 58 = p*y - 4*i, -2*y - 4*i = -12. What is the units digit of y?
4
Let a be 1*7 - (3 + -2). Let s = -1 + a. Suppose 4*u = -4*j, u = s*j + 4*u - 10. What is the units digit of j?
5
Suppose 0 = -2*v - 4, 3*k - 60 = -0*k + 3*v. Suppose 119 = 5*z - s, z - k - 21 = 4*s. What is the units digit of z?
3
Let l(q) = -q**2 + 6*q - 4. Let t be l(4). Suppose 4*a = 5*a + 5*v + t, v = -2*a + 37. What is the tens digit of a?
2
Suppose 0*p = 3*o - 5*p - 19, 4*o - 5*p - 17 = 0. Let v(l) = 22*l**2 + l**3 + 2 + 21*l**2 - 41*l**2. What is the units digit of v(o)?
2
Suppose 0 = -2*z + 3*z - 49. Suppose -3*c - 5*h = -14, -h + z = 4*c + 19. What is the units digit of c?
8
Let s = 6 - 9. Let z = s + 6. What is the units digit of z?
3
Suppose 20 = -3*p + 5. What is the tens digit of p + (3 - -1) + 27?
2
Suppose 3*t = 10 - 4. Suppos